5*g + 15, -2 = 2*m - h*g. Calculate the greatest common divisor of m and 28.
7
Suppose 0*k = -2*u - 2*k + 790, -4*u = 2*k - 1570. Calculate the greatest common divisor of 13 and u.
13
Suppose -2*s + 11 = f, -4*f + 3*f = s - 4. Let z(w) = w + 3. Let i be z(s). Calculate the highest common divisor of 30 and i.
10
Let y = 3043 + -2987. What is the highest common factor of y and 133?
7
Suppose -5*f + z = -3058, 1207 = -4*f + 6*f + 5*z. What is the greatest common factor of f and 13?
13
Let s = 7 + -64. Let y = s - -81. Calculate the highest common factor of 12 and y.
12
Suppose -3*u = -4*u + 32. Let j = u - 17. What is the greatest common factor of j and 105?
15
Let n(m) = m - 3. Let z be 1/(-4) + (-42)/(-8). Let x be n(z). Suppose 109 = o + 4*c, -5*o = -6*c + x*c - 521. Calculate the greatest common factor of o and 21.
21
Let p(i) = 7*i**2 + 13*i + 5. Let q be p(-5). Calculate the greatest common factor of 23 and q.
23
Let y(m) = -53*m - 218. Let f be y(-6). What is the highest common divisor of f and 60?
20
Let f = -402 - -416. What is the highest common divisor of 175 and f?
7
Let z(s) = s**3 + 5*s**2 - 5*s. Let k be z(-5). Let r be 58/1*(k/10 + -2). Calculate the highest common factor of 261 and r.
29
Let r be (-32)/16 - (-31)/1*1. What is the highest common divisor of r and 203?
29
Let j(g) = -g**3 + 14*g**2 + 4*g - 55. Let l be j(14). What is the greatest common factor of 17 and l?
1
Suppose 75*a - 60*a = 2340. Calculate the highest common divisor of 130 and a.
26
Suppose -15*m - 7 = -18*m - k, -3*m + 5*k = -1. Calculate the greatest common factor of 454 and m.
2
Let u be ((-96)/(-8))/(((-6)/40)/(-3)). Let x = u + -123. What is the greatest common factor of 13 and x?
13
Let f(a) = -12*a + 6. Let k = 4 + -10. Let r be 18/(-6)*(-4)/k. Let x be f(r). What is the greatest common divisor of x and 6?
6
Let p be 261/45 + (-2)/(-10). Let d = -15 + p. Let t be (-39)/d + (-1)/3. Calculate the highest common divisor of t and 8.
4
Let n(b) = b**2 + 19*b + 24. Let a be n(-18). What is the greatest common factor of 78 and a?
6
Suppose a - 4 = 1. Suppose 8*t - 18 = a*t. Calculate the greatest common factor of 15 and t.
3
Let u be 3/(-2)*(-260 + 12). Calculate the highest common factor of u and 12.
12
Let u = -4 - -10. Calculate the greatest common divisor of 78 and u.
6
Let c be (-2 + 3)/(6/114). Let t = 23 - c. Suppose -6 = -t*m + m. Calculate the greatest common divisor of m and 10.
2
Let a(c) = c**2 - c - 9. Let g be a(5). Suppose g*v = 5*v + 102. Calculate the greatest common factor of v and 68.
17
Suppose 0 = 11*a - a - 980. What is the greatest common factor of a and 70?
14
Suppose -41 = 2*f + 5*c, 9*f - 7*f = 3*c - 17. Let t(q) = 0*q**2 + 10*q + 3*q**2 - 24 - 2*q**2. Let g be t(f). What is the greatest common factor of g and 60?
15
Let y = -29 - -53. Let h be 45/(-6)*y/(-15). Suppose 4*m - 6*m + h = 0. What is the highest common factor of 54 and m?
6
Suppose -14*j + 27 = 993. Let y = -67 - j. Calculate the greatest common factor of y and 8.
2
Let q(b) = b**2 - 37*b - 3. Let t be q(45). What is the highest common divisor of 21 and t?
21
Suppose 0 = -4*k + 260 + 860. Suppose -50 = -8*x + 13*x. Let s = x - -45. What is the greatest common divisor of s and k?
35
Let i = 11 + -9. Suppose k - 10 = 4*q, i*q + k + 6 = 4. Let o(c) = -2*c**3 + 2*c**2 + 2*c. Let t be o(q). Calculate the greatest common factor of t and 5.
5
Let k(y) = 0*y - y - 7 + 1. Let x be k(-3). Let z = x - -13. What is the greatest common divisor of 5 and z?
5
Let b = 642 + -488. What is the greatest common divisor of b and 14?
14
Let z(f) = 3*f**2 + 1. Let w be z(-1). Suppose -3*g + 23 = 8, w*q + g - 13 = 0. What is the greatest common factor of q and 16?
2
Suppose 5*p - 45 = 25. Let i = -72 + 86. What is the highest common divisor of p and i?
14
Let f be ((-112)/80)/((-1)/5). What is the highest common factor of f and 63?
7
Let w(c) = 7*c + 13. Suppose 3*y = 8*y - 25. Let u be w(y). Suppose -x = -3*q - 60 + 157, -2*q + 4*x + 68 = 0. What is the greatest common divisor of q and u?
16
Suppose -2*u - 2*u = -8. Suppose -2*r + 21 + 27 = -5*a, 30 = r - 4*a. What is the greatest common divisor of u and r?
2
Suppose 4811*b = 4822*b - 2046. What is the greatest common factor of b and 310?
62
Suppose 4*v - 67 = 5*c, -5*v - c - 3*c + 53 = 0. Suppose v*m - 48 = 17. What is the highest common divisor of 40 and m?
5
Let g = -270 - -307. Calculate the highest common factor of 2923 and g.
37
Let z(p) = 25*p**2 + 2*p + 1. Let s be z(-1). Let u = -354 - -381. Suppose u*r - 24*r - s = 0. Calculate the greatest common divisor of 48 and r.
8
Let n(t) = 4 + 12*t - t**2 - 37*t + 13*t. Let l be n(-11). What is the highest common factor of 6 and l?
3
Suppose -16 = -3*l + 26. Let o = l + 0. Suppose -a + 22 = m - 9, -5*a + m + 179 = 0. What is the highest common divisor of a and o?
7
Let k(x) = x**2 + 7*x + 6. Let m be k(-6). Suppose -4*q - q - 3*t = m, -t = -q. Let j be 430/5 + q + 4. What is the greatest common divisor of j and 10?
10
Let y be (-1 + (0 - 28/(-12)))*9. Suppose 2*k - 192 = -6*k. Calculate the highest common divisor of y and k.
12
Let u(p) = 55*p - 33*p - 12 - 27*p - 20. Let g be u(-12). Calculate the greatest common factor of 252 and g.
28
Let k be 928/5 + 333/45 + -6. Calculate the highest common factor of k and 55.
11
Let c be (-5096)/(-77) - 2/11. Calculate the greatest common factor of c and 638.
22
Let v(m) = m**3 + 4*m**2 - 2*m + 3. Let d be v(-4). Let s = -1459 + 1536. What is the highest common divisor of d and s?
11
Let r be 90/210 + (-1184)/(-14). Calculate the highest common divisor of r and 17.
17
Let h be (-2849)/28 + 2/(-8). Let f = h + 107. Calculate the greatest common factor of f and 45.
5
Let j = 324 - 304. What is the greatest common divisor of 290 and j?
10
Let l(k) = k**2 + 8*k - 12. Let b be l(-10). Suppose 4*n = 5*i - 11 + 47, -3*n + 24 = -3*i. What is the highest common factor of b and n?
4
Suppose -10*c - 50 = -250. What is the highest common factor of c and 10?
10
Let x = 135 + 450. Calculate the greatest common factor of 65 and x.
65
Let d be -6*(-2*(-1)/(-6) + -3). Calculate the greatest common factor of 940 and d.
20
Suppose 0 = 3*h + 2*h, -4*c + 4*h + 40 = 0. Suppose -5*d + s + 4 = -25, -2*d + 2*s + c = 0. What is the greatest common factor of d and 9?
3
Suppose 3*w - 45 = -k - 3*k, -3*k + 65 = -4*w. Let i(s) = s - 2. Let n be i(-4). Let v be (-2899)/(-39) - 4/n. Calculate the greatest common factor of k and v.
15
Let y = 4 - -1. Suppose 55 + 17 = -4*l. Let s = l - -23. Calculate the greatest common factor of s and y.
5
Suppose -64 = 3*y - 7. Let x = -10 - y. Let n = -3 + 12. What is the greatest common factor of x and n?
9
Let k = 973 + -388. What is the greatest common divisor of k and 45?
45
Suppose 2*y = 4*c - 4, -5 = 3*y + 2*c - 23. Suppose 0 = 17*q - 21*q + y. Calculate the highest common divisor of 16 and q.
1
Let x(z) = 47*z - 3. Let g be x(2). Suppose -f + 3*f - 55 = -5*b, 5*f - g = 3*b. Suppose 0*y = 4*y - 8. What is the greatest common divisor of y and f?
2
Suppose 8*r - 3*r - 320 = 0. Let h = r + -32. What is the highest common divisor of 160 and h?
32
Let b = -19 - -22. Let g(u) = 4*u**2 - 4*u. Let h be g(b). What is the greatest common divisor of 6 and h?
6
Let h be 0 + -1 + -4 + 8. Let t(b) = b + 15. Let l be t(-14). Calculate the highest common factor of h and l.
1
Let w = 116 + -105. Let k = 51 - 29. What is the highest common factor of k and w?
11
Let l(r) = r**2 + 6*r - 48. Let j be l(5). Let p(s) = -s**2 - 5*s - 3. Let b be p(-4). What is the highest common factor of b and j?
1
Suppose 2*p + 13 = 5*a, 0 = -0*p - 2*p + 3*a - 7. Let h = p + -1. Let b(z) = z**2 + z + 23. Let u be b(h). Calculate the highest common factor of 253 and u.
23
Let a be (138 - 6 - 4) + 2 + -1. What is the highest common divisor of a and 3?
3
Let i be 2786/12*2 + (-20)/(-30). What is the greatest common divisor of i and 15?
15
Suppose 0 = -r - 4 + 40. Let x = 34 - 38. Let y be (-21)/(-6) - 2/x. Calculate the highest common factor of y and r.
4
Suppose s = 5*r - 11, 0 + 13 = -3*s + 5*r. Let n(o) = -o + 5. Let u be n(s). What is the highest common divisor of u and 2?
2
Suppose -27 = -39*w + 207. Suppose 0 = i - 2. Calculate the highest common divisor of i and w.
2
Let z =